223 and 2900338.
223
Calculate the greatest common divisor of 52486282 and 6206.
214
Calculate the highest common divisor of 14899 and 1213793.
317
Calculate the greatest common factor of 1721739 and 9906.
381
What is the highest common divisor of 12311352 and 688?
8
Calculate the highest common divisor of 24903 and 10242.
9
Calculate the greatest common divisor of 1664655 and 135.
15
Calculate the greatest common divisor of 5266968 and 69657.
2247
What is the highest common divisor of 300058 and 4048?
506
What is the greatest common divisor of 128581 and 76893?
71
What is the greatest common divisor of 496 and 286930544?
496
What is the greatest common factor of 230 and 102483515?
115
What is the greatest common divisor of 18623080 and 70?
70
What is the highest common divisor of 230 and 1867030?
10
What is the highest common factor of 23669772 and 84?
84
What is the highest common divisor of 10175986 and 3646?
3646
Calculate the highest common factor of 5570 and 156670.
10
What is the greatest common divisor of 58698 and 288?
18
Calculate the highest common divisor of 40378545 and 180.
45
What is the highest common factor of 6464 and 119744?
64
What is the highest common divisor of 112 and 467288?
8
Calculate the highest common divisor of 367422 and 119643.
57
What is the highest common factor of 27304012 and 332?
332
Calculate the greatest common divisor of 3845 and 6188143.
769
Calculate the greatest common factor of 6318 and 5703399.
351
Calculate the greatest common factor of 17270 and 4204530.
110
Calculate the highest common factor of 76 and 2398148.
4
What is the highest common factor of 506 and 11772596?
506
What is the highest common factor of 175 and 134052125?
25
Calculate the greatest common factor of 233389 and 134693.
169
Calculate the greatest common factor of 95408 and 698928.
16
Calculate the highest common divisor of 22 and 45589016.
22
Calculate the highest common divisor of 27225 and 14619.
33
Calculate the greatest common divisor of 1316736 and 361188.
4572
Calculate the greatest common divisor of 143310607 and 44968.
803
Calculate the highest common factor of 4332 and 55855364.
1444
What is the greatest common factor of 440 and 1855810?
110
What is the highest common divisor of 574892 and 192105?
1423
What is the highest common factor of 3592 and 159122906?
898
Calculate the greatest common factor of 51 and 895728.
3
Calculate the highest common factor of 134 and 1215458.
2
Calculate the highest common divisor of 68 and 17568276.
68
Calculate the highest common divisor of 45 and 221682885.
15
What is the greatest common divisor of 8774 and 279698?
214
What is the highest common divisor of 36 and 6844653?
9
Calculate the highest common factor of 130767 and 878241.
273
Calculate the greatest common factor of 330 and 24023490.
30
Calculate the greatest common divisor of 488 and 95092168.
488
What is the highest common divisor of 1206 and 5699286?
18
What is the highest common factor of 258 and 25096950?
258
What is the greatest common factor of 1211 and 34370?
7
Calculate the highest common divisor of 10123480 and 751.
751
What is the greatest common divisor of 2803794 and 13737?
723
What is the highest common divisor of 27874485 and 630?
45
Calculate the highest common divisor of 3108946516 and 52.
52
What is the greatest common factor of 203465956 and 4?
4
Calculate the greatest common factor of 16464 and 1450512.
336
Calculate the highest common factor of 259871 and 612676.
1721
Calculate the highest common factor of 52029 and 115902.
423
What is the highest common divisor of 200127219 and 3?
3
Calculate the highest common divisor of 2832750 and 1000.
250
What is the greatest common divisor of 99283 and 249682?
983
Calculate the highest common divisor of 1104 and 9310188.
12
Calculate the highest common divisor of 865 and 174160830.
865
Calculate the highest common divisor of 63250 and 11044715.
1265
Calculate the greatest common factor of 139413532 and 766.
766
Calculate the highest common divisor of 1037 and 13606477.
1037
Calculate the greatest common factor of 198 and 10283913.
9
Calculate the greatest common factor of 55668 and 8880.
12
What is the highest common divisor of 2381121 and 2871?
9
Calculate the highest common factor of 36801 and 2741283.
783
Calculate the greatest common factor of 7762151 and 938.
67
What is the greatest common divisor of 10130748 and 40?
4
What is the highest common divisor of 276 and 802900284?
276
What is the highest common factor of 208092 and 1788?
12
Calculate the greatest common divisor of 18289782 and 9958.
766
Calculate the greatest common divisor of 14430606 and 984.
246
Calculate the greatest common factor of 246 and 48663556.
82
Calculate the highest common divisor of 306 and 5047254.
18
Calculate the highest common factor of 60137 and 274428.
847
Calculate the greatest common factor of 288120 and 4080.
120
What is the highest common divisor of 77 and 2417877?
77
What is the greatest common divisor of 638 and 1941588?
22
Calculate the highest common factor of 131599999 and 145.
29
What is the greatest common divisor of 8987 and 215198617?
817
Calculate the highest common divisor of 299228121 and 27.
27
Calculate the highest common factor of 22 and 20740665.
11
What is the highest common factor of 3103 and 25752?
29
Calculate the highest common divisor of 66038 and 747936.
742
What is the highest common divisor of 146899871 and 1934?
967
Calculate the highest common factor of 28443 and 6213.
57
What is the highest common factor of 4720 and 6274355?
295
Calculate the highest common divisor of 26504079 and 2.
1
What is the highest common factor of 80017 and 821583?
1127
Calculate the greatest common factor of 42 and 1139347734.
42
Calculate the greatest common factor of 946128 and 76273.
857
What is the greatest common factor of 5574 and 303335222?
1858
Calculate the greatest common divisor of 364824 and 7048197.
5067
What is the greatest common divisor of 75120 and 84480?
240
What is the greatest common divisor of 212 and 419707?
53
What is the highest common factor of 1922008 and 1496?
88
Calculate the greatest common factor of 39238 and 1518.
46
Calculate the greatest common divisor of 1100 and 10208220.
220
Calculate the highest common divisor of 3520 and 96097485.
55
Calculate the greatest common divisor of 2429 and 85274903.
2429
What is the highest common factor of 149583709 and 121?
121
Calculate the highest common factor of 17664 and 33503088.
1104
What is the greatest common factor of 96 and 211164416?
32
What is the greatest common divisor of 8504930 and 4046?
238
Calculate the highest common divisor of 37508305 and 114515.
3095
Calculate the greatest common factor of 50004 and 102708.
108
Calculate the greatest common factor of 2143689 and 3.
3
Calculate the highest common factor of 38408478 and 6.
6
Calculate the greatest common factor of 203236 and 10428.
44
What is the greatest common factor of 3058 and 110198?
22
What is the highest common factor of 224 and 1429280?
32
Calculate the greatest common factor of 31 and 883383781.
31
Calculate the greatest common factor of 2622 and 2552862.
138
Calculate the greatest common divisor of 2132370 and 5945.
145
What is the highest common divisor of 453898350 and 50?
50
What is the highest common divisor of 406899777 and 9843?
9843
Calculate the highest common factor of 140580 and 1045.
55
What is the greatest common divisor of 1395 and 503881440?
465
Calculate the highest common factor of 516 and 113716209.
129
Calculate the highest common factor of 3137090 and 54905.
395
Calculate the greatest common factor of 9976970 and 4020.
670
Calculate the highest common factor of 59130 and 19632255.
1095
What is the greatest common factor of 4228 and 16173308?
604
Calculate the highest common factor of 7945759 and 82.
41
Calculate the greatest common divisor of 132281 and 63187.
179
What is the greatest common factor of 25184 and 22400?
32
What is the highest common factor of 1449764 and 1465?
293
Calculate the greatest common divisor of 124310 and 11000.
10
Calculate the highest common factor of 233304 and 2136.
24
What is the highest common factor of 839553029 and 3493?
3493
Calculate the highest common factor of 760 and 4